 170487302?
0
What is the ten thousands digit of 141861244?
6
What is the millions digit of 1294525054?
4
What is the millions digit of 313070335?
3
What is the hundred thousands digit of 650262877?
2
What is the hundreds digit of 55363109?
1
What is the hundred thousands digit of 51902465?
9
What is the hundreds digit of 132623870?
8
What is the units digit of 2834171041?
1
What is the billions digit of 4614700004?
4
What is the units digit of 117109358?
8
What is the millions digit of 603094996?
3
What is the hundred millions digit of 325477814?
3
What is the ten thousands digit of 4054967349?
6
What is the hundreds digit of 2752708445?
4
What is the millions digit of 956825765?
6
What is the hundred thousands digit of 196104030?
1
What is the hundreds digit of 49720823?
8
What is the hundred thousands digit of 965183986?
1
What is the units digit of 23442781?
1
What is the thousands digit of 3261054267?
4
What is the ten thousands digit of 2158032822?
3
What is the units digit of 3152615?
5
What is the units digit of 291025624?
4
What is the tens digit of 410465947?
4
What is the units digit of 9696713?
3
What is the millions digit of 18891381?
8
What is the ten thousands digit of 751089197?
8
What is the thousands digit of 290379031?
9
What is the tens digit of 65740784?
8
What is the ten millions digit of 1385806229?
8
What is the units digit of 1085847266?
6
What is the units digit of 1156782399?
9
What is the hundreds digit of 4746269188?
1
What is the hundred millions digit of 3509043848?
5
What is the hundreds digit of 125926824?
8
What is the hundred thousands digit of 50153505?
1
What is the thousands digit of 353253079?
3
What is the units digit of 6587955470?
0
What is the ten millions digit of 48899777?
4
What is the ten millions digit of 59820993?
5
What is the units digit of 626864099?
9
What is the ten thousands digit of 1190269551?
6
What is the units digit of 160550817?
7
What is the hundred millions digit of 485557142?
4
What is the thousands digit of 48745368?
5
What is the millions digit of 520959039?
0
What is the tens digit of 170903360?
6
What is the ten millions digit of 2772332921?
7
What is the units digit of 55026195?
5
What is the tens digit of 42167709?
0
What is the units digit of 2486688086?
6
What is the ten millions digit of 37987856?
3
What is the hundreds digit of 701967351?
3
What is the millions digit of 40397794?
0
What is the units digit of 26566456?
6
What is the ten millions digit of 256596676?
5
What is the hundreds digit of 126944361?
3
What is the millions digit of 639073828?
9
What is the thousands digit of 47648311?
8
What is the hundred millions digit of 2590459761?
5
What is the tens digit of 69769613?
1
What is the tens digit of 340985065?
6
What is the millions digit of 1163728197?
3
What is the tens digit of 1114503243?
4
What is the tens digit of 26635660?
6
What is the tens digit of 88024406?
0
What is the hundreds digit of 4379988985?
9
What is the hundred millions digit of 201319984?
2
What is the tens digit of 25454003?
0
What is the tens digit of 116650895?
9
What is the tens digit of 1003642531?
3
What is the hundred thousands digit of 301392648?
3
What is the ten thousands digit of 18647786?
4
What is the hundred thousands digit of 430875496?
8
What is the tens digit of 207497557?
5
What is the hundred millions digit of 3480635192?
4
What is the billions digit of 2413862286?
2
What is the tens digit of 13252506?
0
What is the hundred thousands digit of 433352046?
3
What is the tens digit of 26197751?
5
What is the tens digit of 5123107393?
9
What is the tens digit of 188915681?
8
What is the hundreds digit of 201957585?
5
What is the billions digit of 3257029578?
3
What is the millions digit of 1594386721?
4
What is the units digit of 9453325?
5
What is the hundred millions digit of 910637725?
9
What is the ten thousands digit of 43925223?
2
What is the hundreds digit of 380896215?
2
What is the millions digit of 80336685?
0
What is the hundred millions digit of 2893942307?
8
What is the millions digit of 186246517?
6
What is the millions digit of 261718201?
1
What is the hundreds digit of 789916406?
4
What is the ten millions digit of 519443202?
1
What is the millions digit of 624863475?
4
What is the tens digit of 282203147?
4
What is the hundred millions digit of 288575692?
2
What is the hundred thousands digit of 55370976?
3
What is the hundred millions digit of 4623968150?
6
What is the ten millions digit of 638258519?
3
What is the hundred millions digit of 2391515989?
3
What is the hundreds digit of 7028212?
2
What is the hundred thousands digit of 482313756?
3
What is the hundred millions digit of 252188109?
2
What is the millions digit of 344850104?
4
What is the millions digit of 295344750?
5
What is the millions digit of 2256185413?
6
What is the tens digit of 169376096?
9
What is the millions digit of 69518718?
9
What is the hundreds digit of 12055509?
5
What is the hundreds digit of 33262917?
9
What is the ten thousands digit of 2162256502?
5
What is the ten millions digit of 29216354?
2
What is the ten millions digit of 31542638?
3
What is the ten thousands digit of 49440757?
4
What is the thousands digit of 128876612?
6
What is the hundreds digit of 84124539?
5
What is the units digit of 303900648?
8
What is the millions digit of 2797659653?
7
What is the hundred thousands digit of 2800744545?
7
What is the thousands digit of 2948616614?
6
What is the billions digit of 2837668998?
2
What is the billions digit of 1222670032?
1
What is the hundreds digit of 5157879988?
9
What is the tens digit of 44250784?
8
What is the thousands digit of 2579022073?
2
What is the ten thousands digit of 1535579145?
7
What is the thousands digit of 1408535?
8
What is the thousands digit of 1172383990?
3
What is the hundreds digit of 2404991908?
9
What is the millions digit of 111003081?
1
What is the tens digit of 8367924?
2
What is the units digit of 475261116?
6
What is the hundred millions digit of 224549275?
2
What is the units digit of 411820136?
6
What is the millions digit of 3875275258?
5
What is the units digit of 1459644808?
8
What is the hundreds digit of 181010090?
0
What is the units digit of 56605001?
1
What is the hundred millions digit of 432718795?
4
What is the millions digit of 11107139?
1
What is the ten millions digit of 844646193?
4
What is the hundred thousands digit of 5975036067?
0
What is the hundreds digit of 72815326?
3
What is the hundred millions digit of 100793891?
1
What is the tens digit of 28959119?
1
What is the hundred thousands digit of 925079087?
0
What is the ten millions digit of 72267937?
7
What is the units digit of 801435148?
8
What is the ten millions digit of 185584231?
8
What is the thousands digit of 7520384599?
4
What is the hundred thousands digit of 110943065?
9
What is the ten millions digit of 3814122991?
1
What is the ten millions digit of 28492021?
2
What is the thousands digit of 114703547?
3
What is the thousands digit of 5169987?
9
What is the hundred thousands digit of 107736333?
7
What is the tens digit of 23160556?
5
What is the millions digit of 55170310?
5
What is the tens digit of 235042059?
5
What is the hundreds digit of 83911832?
8
What is the ten millions digit of 11771316?
1
What is the ten millions digit of 18190611?
1
What is the hundreds digit of 28348889?
8
What is the units digit of 28572528?
8
What is the hundred thousands digit of 743425563?
4
What is the millions digit of 353448542?
3
What is the ten millions digit of 166798267?
6
What is the ten millions digit of 226002663?
2
What is the ten millions digit of 54849669?
5
What is the hundreds digit of 140700602?
6
What is the ten millions digit of 21752381?
2
What is the hundred thousands digit of 55718656?
7
What is the units digit of 27455555?
5
What is the hundred thousands digit of 1845610?
8
What is the thousands digit of 53326511?
6
What is the tens digit of 134569936?
3
What is the ten thousands digit of 2087293584?
9
What is the hundreds digit of 12421605?
6
What is the units digit of 213826970?
0
What is the hundred thousands digit of 631209345?
2
What is the hundred thousands digit of 197567979?
5
What is the hundred thousands digit of 62639669?
6
W